{"id":2647,"date":"2022-06-21T10:11:21","date_gmt":"2022-06-21T10:11:21","guid":{"rendered":"https:\/\/crenerg.org\/Digital4Energy\/?page_id=2647"},"modified":"2023-04-05T15:13:18","modified_gmt":"2023-04-05T15:13:18","slug":"parteneri","status":"publish","type":"page","link":"https:\/\/crenerg.org\/Digital4Energy\/parteneri\/","title":{"rendered":"Parteneri"},"content":{"rendered":"\t\t<div data-elementor-type=\"wp-post\" data-elementor-id=\"2647\" class=\"elementor elementor-2647\">\n\t\t\t\t\t\t\t\t\t<section class=\"elementor-section elementor-top-section elementor-element elementor-element-097acb7 elementor-section-boxed elementor-section-height-default elementor-section-height-default\" data-id=\"097acb7\" data-element_type=\"section\" data-settings=\"{&quot;background_background&quot;:&quot;classic&quot;}\">\n\t\t\t\t\t\t<div class=\"elementor-container elementor-column-gap-default\">\n\t\t\t\t\t<div class=\"elementor-column elementor-col-100 elementor-top-column elementor-element elementor-element-e385218\" data-id=\"e385218\" data-element_type=\"column\">\n\t\t\t<div class=\"elementor-widget-wrap elementor-element-populated\">\n\t\t\t\t\t\t\t\t<div class=\"elementor-element elementor-element-6a6aae8 elementor-widget elementor-widget-exhibz-title\" data-id=\"6a6aae8\" data-element_type=\"widget\" data-settings=\"{&quot;ekit_we_effect_on&quot;:&quot;none&quot;}\" data-widget_type=\"exhibz-title.default\">\n\t\t\t\t<div class=\"elementor-widget-container\">\n\t\t\t\n    <div class=\"title-section-area\">\n        <h2 class=\"section-title\">\n            <span class=\"sub-title\"><\/span>\n\t\t\tDespre <em class=\"title-bar-shap\">Parteneri<\/em>        <\/h2>\n\t\t                            <span class=\"title-border\">&nbsp;<\/span>\n            <\/div><!-- Section title -->\n    \n    \n\n    \t\t<\/div>\n\t\t\t\t<\/div>\n\t\t\t\t<section class=\"elementor-section elementor-inner-section elementor-element elementor-element-6dc2160 elementor-section-boxed elementor-section-height-default elementor-section-height-default\" data-id=\"6dc2160\" data-element_type=\"section\">\n\t\t\t\t\t\t<div class=\"elementor-container elementor-column-gap-default\">\n\t\t\t\t\t<div class=\"elementor-column elementor-col-50 elementor-inner-column elementor-element elementor-element-a771f0f\" data-id=\"a771f0f\" data-element_type=\"column\">\n\t\t\t<div class=\"elementor-widget-wrap elementor-element-populated\">\n\t\t\t\t\t\t\t\t<div class=\"elementor-element elementor-element-e4f70f0 elementor-widget elementor-widget-image\" data-id=\"e4f70f0\" data-element_type=\"widget\" data-settings=\"{&quot;ekit_we_effect_on&quot;:&quot;none&quot;}\" data-widget_type=\"image.default\">\n\t\t\t\t<div class=\"elementor-widget-container\">\n\t\t\t\t\t\t\t\t\t\t\t\t\t\t\t<img loading=\"lazy\" decoding=\"async\" width=\"300\" height=\"121\" src=\"https:\/\/crenerg.org\/Digital4Energy\/wp-content\/uploads\/2022\/11\/logo-final-green-text-2016-300x121.webp\" class=\"attachment-medium size-medium wp-image-3782\" alt=\"\" srcset=\"https:\/\/crenerg.org\/Digital4Energy\/wp-content\/uploads\/2022\/11\/logo-final-green-text-2016-300x121.webp 300w, https:\/\/crenerg.org\/Digital4Energy\/wp-content\/uploads\/2022\/11\/logo-final-green-text-2016.webp 627w\" sizes=\"(max-width: 300px) 100vw, 300px\" \/>\t\t\t\t\t\t\t\t\t\t\t\t\t\t\t<\/div>\n\t\t\t\t<\/div>\n\t\t\t\t<div class=\"elementor-element elementor-element-957418e elementor-widget elementor-widget-exhibz-feature\" data-id=\"957418e\" data-element_type=\"widget\" data-settings=\"{&quot;ekit_we_effect_on&quot;:&quot;none&quot;}\" data-widget_type=\"exhibz-feature.default\">\n\t\t\t\t<div class=\"elementor-widget-container\">\n\t\t\t \n    \n    \n\t\t\t<div class=\"single-intro-text single-contact-feature\">\n\t\t\t<h3 class=\"ts-title\">ASOCIATIA ,,CENTRUL ROMAN AL ENERGIEI - CRE&quot;<\/h3>\n\t\t\t<p>\n\t\t\t\t<strong>Phone:<\/strong> 0726 307 979<\/br>\n<strong>Email:<\/strong> office@crenerg.org<\/br>\n<strong>Site:<\/strong> <a href=\"https:\/\/www.crenerg.org\/\">CRE<\/a><\/br>\n<\/br><\/br>\n<strong> CRE<\/strong>\u2013 Asocia\u021bia Centrul Roman al Energiei - functioneaza ca organizatie neguvernamentala, non profit si apolitica, care identifica, sustine si reprezinta in mod independent si echidistant interesele membrilor sai. CRE este o organizatie profesionala neguvernamentala, fara scop lucrativ sau patrimonial\t\t\t<\/p>\n\t\t\t<span class=\"count-number fa fa-info\">\n\t\t\t\t\n\t\t\t<\/span>\n\t\t<\/div>\n    \n\t\n\t \n\n    \n    \t\t<\/div>\n\t\t\t\t<\/div>\n\t\t\t\t\t<\/div>\n\t\t<\/div>\n\t\t\t\t<div class=\"elementor-column elementor-col-50 elementor-inner-column elementor-element elementor-element-dd2e49b\" data-id=\"dd2e49b\" data-element_type=\"column\">\n\t\t\t<div class=\"elementor-widget-wrap elementor-element-populated\">\n\t\t\t\t\t\t\t\t<div class=\"elementor-element elementor-element-85ff5d3 elementor-widget elementor-widget-image\" data-id=\"85ff5d3\" data-element_type=\"widget\" data-settings=\"{&quot;ekit_we_effect_on&quot;:&quot;none&quot;}\" data-widget_type=\"image.default\">\n\t\t\t\t<div class=\"elementor-widget-container\">\n\t\t\t\t\t\t\t\t\t\t\t\t\t\t\t<img decoding=\"async\" src=\"https:\/\/crenerg.org\/Digital4Energy\/wp-content\/uploads\/elementor\/thumbs\/Factory_horizontal-2048x395-1-pxlko4il0debxp4k3bp39xbnlm0eeqou8b12prexhc.webp\" title=\"Factory_horizontal-2048&#215;395\" alt=\"Factory_horizontal-2048x395\" loading=\"lazy\" \/>\t\t\t\t\t\t\t\t\t\t\t\t\t\t\t<\/div>\n\t\t\t\t<\/div>\n\t\t\t\t<div class=\"elementor-element elementor-element-7c2070a elementor-widget elementor-widget-exhibz-feature\" data-id=\"7c2070a\" data-element_type=\"widget\" data-settings=\"{&quot;ekit_we_effect_on&quot;:&quot;none&quot;}\" data-widget_type=\"exhibz-feature.default\">\n\t\t\t\t<div class=\"elementor-widget-container\">\n\t\t\t \n    \n    \n\t\t\t<div class=\"single-intro-text single-contact-feature\">\n\t\t\t<h3 class=\"ts-title\">FACTORY 4.0 (Best Smart Digital)<\/h3>\n\t\t\t<p>\n\t\t\t\t<strong>Phone:<\/strong> 0740 339 467<\/br>\n<strong>Email:<\/strong> contact@factory40.ro<\/br>\n<strong>Site:<\/strong> <a href=\"https:\/\/factory40.ro\/\">FACTORY 4.0<\/a><\/br>\n<\/br><\/br>\nIni\u021biativa na\u021bional\u0103 <strong> FACTORY 4.0<\/strong> se pozi\u021bioneaz\u0103 ca un catalizator pe pia\u021ba rom\u00e2neasc\u0103 de formare \u0219i consultan\u021b\u0103 \u00een domeniul transform\u0103rii digitale. Am dezvoltat programe inovative de instruire care includ cele mai noi concepte \u0219i tehnologii \u00een cadrul unui ecositem care unific\u0103 zona de formare, consultan\u021b\u0103 \u0219i implementare a solu\u021biilor prin parteneriate strategice cu furnizori recunoscu\u021bi de tehnologie.\t\t\t<\/p>\n\t\t\t<span class=\"count-number fa fa-info\">\n\t\t\t\t\n\t\t\t<\/span>\n\t\t<\/div>\n    \n\t\n\t \n\n    \n    \t\t<\/div>\n\t\t\t\t<\/div>\n\t\t\t\t\t<\/div>\n\t\t<\/div>\n\t\t\t\t\t\t\t<\/div>\n\t\t<\/section>\n\t\t\t\t\t<\/div>\n\t\t<\/div>\n\t\t\t\t\t\t\t<\/div>\n\t\t<\/section>\n\t\t\t\t<section class=\"elementor-section elementor-top-section elementor-element elementor-element-1e54f906 cta elementor-section-boxed elementor-section-height-default elementor-section-height-default\" data-id=\"1e54f906\" data-element_type=\"section\" data-settings=\"{&quot;background_background&quot;:&quot;classic&quot;}\">\n\t\t\t\t\t\t<div class=\"elementor-container elementor-column-gap-default\">\n\t\t\t\t\t<div class=\"elementor-column elementor-col-66 elementor-top-column elementor-element elementor-element-a34496d edu-con\" data-id=\"a34496d\" data-element_type=\"column\">\n\t\t\t<div class=\"elementor-widget-wrap elementor-element-populated\">\n\t\t\t\t\t\t\t\t<div class=\"elementor-element elementor-element-3c314e02 elementor-widget elementor-widget-exhibz-title\" data-id=\"3c314e02\" data-element_type=\"widget\" data-settings=\"{&quot;ekit_we_effect_on&quot;:&quot;none&quot;}\" data-widget_type=\"exhibz-title.default\">\n\t\t\t\t<div class=\"elementor-widget-container\">\n\t\t\t\n    <div class=\"title-section-area\">\n        <h2 class=\"section-title\">\n            <span class=\"sub-title\"><\/span>\n\t\t\t\u00censcrie-te! Descoper\u0103 importan\u021ba <em class=\"title-bar-shap\">strategic\u0103<\/em> a talentului digital \u00een era transform\u0103rii digitale        <\/h2>\n\t\t                    <\/div><!-- Section title -->\n    \n    \n\n    \t\t<\/div>\n\t\t\t\t<\/div>\n\t\t\t\t<div class=\"elementor-element elementor-element-19b585c6 elementor-widget elementor-widget-text-editor\" data-id=\"19b585c6\" data-element_type=\"widget\" data-settings=\"{&quot;ekit_we_effect_on&quot;:&quot;none&quot;}\" data-widget_type=\"text-editor.default\">\n\t\t\t\t<div class=\"elementor-widget-container\">\n\t\t\t\t\t\t\t<p>Num\u0103rul de locuri este limitat.<\/p>\t\t\t\t\t\t<\/div>\n\t\t\t\t<\/div>\n\t\t\t\t\t<\/div>\n\t\t<\/div>\n\t\t\t\t<div class=\"elementor-column elementor-col-33 elementor-top-column elementor-element elementor-element-6ccd3a6\" data-id=\"6ccd3a6\" data-element_type=\"column\">\n\t\t\t<div class=\"elementor-widget-wrap elementor-element-populated\">\n\t\t\t\t\t\t\t\t<div class=\"elementor-element elementor-element-27cc6b2b elementor-align-left elementor-invisible elementor-widget elementor-widget-button\" data-id=\"27cc6b2b\" data-element_type=\"widget\" data-settings=\"{&quot;_animation&quot;:&quot;fadeInUp&quot;,&quot;ekit_we_effect_on&quot;:&quot;none&quot;}\" data-widget_type=\"button.default\">\n\t\t\t\t<div class=\"elementor-widget-container\">\n\t\t\t\t\t<div class=\"elementor-button-wrapper\">\n\t\t\t<a class=\"elementor-button elementor-button-link elementor-size-md\" href=\"https:\/\/digital4energy.myfreshworks.com\/crm\/sales\/web_forms\/812cfbd49097ab6f2e44031acf9f70e480c3fc9900c453a917426e275f88bc3b\/form.html\">\n\t\t\t\t\t\t<span class=\"elementor-button-content-wrapper\">\n\t\t\t\t\t\t<span class=\"elementor-button-icon elementor-align-icon-left\">\n\t\t\t\t<i aria-hidden=\"true\" class=\"icon icon-tsseat2\"><\/i>\t\t\t<\/span>\n\t\t\t\t\t\t<span class=\"elementor-button-text\">\u00eenscrie-te<\/span>\n\t\t<\/span>\n\t\t\t\t\t<\/a>\n\t\t<\/div>\n\t\t\t\t<\/div>\n\t\t\t\t<\/div>\n\t\t\t\t\t<\/div>\n\t\t<\/div>\n\t\t\t\t\t\t\t<\/div>\n\t\t<\/section>\n\t\t\t\t<section class=\"elementor-section elementor-top-section elementor-element elementor-element-7e33398a elementor-section-boxed elementor-section-height-default elementor-section-height-default\" data-id=\"7e33398a\" data-element_type=\"section\">\n\t\t\t\t\t\t<div class=\"elementor-container elementor-column-gap-default\">\n\t\t\t\t\t<div class=\"elementor-column elementor-col-100 elementor-top-column elementor-element elementor-element-742994de\" data-id=\"742994de\" data-element_type=\"column\">\n\t\t\t<div class=\"elementor-widget-wrap elementor-element-populated\">\n\t\t\t\t\t\t\t\t<section class=\"elementor-section elementor-inner-section elementor-element elementor-element-f80b667 elementor-section-boxed elementor-section-height-default elementor-section-height-default\" data-id=\"f80b667\" data-element_type=\"section\">\n\t\t\t\t\t\t<div class=\"elementor-container elementor-column-gap-default\">\n\t\t\t\t\t<div class=\"elementor-column elementor-col-100 elementor-inner-column elementor-element elementor-element-5b7301c0\" data-id=\"5b7301c0\" data-element_type=\"column\">\n\t\t\t<div class=\"elementor-widget-wrap elementor-element-populated\">\n\t\t\t\t\t\t\t\t<div class=\"elementor-element elementor-element-7d856594 elementor-widget elementor-widget-exhibz-title\" data-id=\"7d856594\" data-element_type=\"widget\" data-settings=\"{&quot;ekit_we_effect_on&quot;:&quot;none&quot;}\" data-widget_type=\"exhibz-title.default\">\n\t\t\t\t<div class=\"elementor-widget-container\">\n\t\t\t\n    <div class=\"title-section-area\">\n        <h2 class=\"section-title\">\n            <span class=\"sub-title\"><\/span>\n\t\t\tCe <em class=\"title-bar-shap\">cursuri<\/em>\npo\u021bi urma        <\/h2>\n\t\t                            <span class=\"title-border\">&nbsp;<\/span>\n            <\/div><!-- Section title -->\n    \n    \n\n    \t\t<\/div>\n\t\t\t\t<\/div>\n\t\t\t\t\t<\/div>\n\t\t<\/div>\n\t\t\t\t\t\t\t<\/div>\n\t\t<\/section>\n\t\t\t\t<section class=\"elementor-section elementor-inner-section elementor-element elementor-element-52ff2bc elementor-section-boxed elementor-section-height-default elementor-section-height-default\" data-id=\"52ff2bc\" data-element_type=\"section\">\n\t\t\t\t\t\t<div class=\"elementor-container elementor-column-gap-default\">\n\t\t\t\t\t<div class=\"elementor-column elementor-col-33 elementor-inner-column elementor-element elementor-element-e7d3aab\" data-id=\"e7d3aab\" data-element_type=\"column\">\n\t\t\t<div class=\"elementor-widget-wrap elementor-element-populated\">\n\t\t\t\t\t\t\t\t<div class=\"elementor-element elementor-element-e209dca elementor-widget elementor-widget-exhibz-topics\" data-id=\"e209dca\" data-element_type=\"widget\" data-settings=\"{&quot;_animation&quot;:&quot;none&quot;,&quot;ekit_we_effect_on&quot;:&quot;none&quot;}\" data-widget_type=\"exhibz-topics.default\">\n\t\t\t\t<div class=\"elementor-widget-container\">\n\t\t\t \n    <div class=\"single-topics\">\n        <h3 class=\"ts-title\">Cybersecurity pentru angaja\u021bi<\/h3>\n        <p>\n            CURS + LABORATOR APLICATIV - Securitate cibernetic\u0103, bune practici \u00een lucrul de acas\u0103 sau birou (10 grupe * 40 ore durata cursului)        <\/p>\n        <a href=\"https:\/\/crenerg.org\/Digital4Energy\/cursuri\/cybersecurity-pentru-angajati\/\" rel=\"noreferrer\" class=\"topics-link\">\n            <i class=\"fa fa-info-circle\"><\/i>\n        <\/a>\n    <\/div><!-- single intro text end-->\n    \n    \t\t<\/div>\n\t\t\t\t<\/div>\n\t\t\t\t\t<\/div>\n\t\t<\/div>\n\t\t\t\t<div class=\"elementor-column elementor-col-33 elementor-inner-column elementor-element elementor-element-119a902\" data-id=\"119a902\" data-element_type=\"column\">\n\t\t\t<div class=\"elementor-widget-wrap elementor-element-populated\">\n\t\t\t\t\t\t\t\t<div class=\"elementor-element elementor-element-f9ced61 feature-active elementor-widget elementor-widget-exhibz-topics\" data-id=\"f9ced61\" data-element_type=\"widget\" data-settings=\"{&quot;ekit_we_effect_on&quot;:&quot;none&quot;}\" data-widget_type=\"exhibz-topics.default\">\n\t\t\t\t<div class=\"elementor-widget-container\">\n\t\t\t \n    <div class=\"single-topics\">\n        <h3 class=\"ts-title\">Protec\u021bia datelor cu caracter personal pentru angajati<\/h3>\n        <p>\n            Protectia datelor in mediul virtual (5 grupe * 40 ore durata cursului)        <\/p>\n        <a href=\"https:\/\/crenerg.org\/Digital4Energy\/cursuri\/protectia-datelor-cu-caracter-personal-pentru-angajati\/\" rel=\"noreferrer\" class=\"topics-link\">\n            <i class=\"fa fa-info-circle\"><\/i>\n        <\/a>\n    <\/div><!-- single intro text end-->\n    \n    \t\t<\/div>\n\t\t\t\t<\/div>\n\t\t\t\t\t<\/div>\n\t\t<\/div>\n\t\t\t\t<div class=\"elementor-column elementor-col-33 elementor-inner-column elementor-element elementor-element-4cd0e54\" data-id=\"4cd0e54\" data-element_type=\"column\">\n\t\t\t<div class=\"elementor-widget-wrap elementor-element-populated\">\n\t\t\t\t\t\t\t\t<div class=\"elementor-element elementor-element-286b313 elementor-widget elementor-widget-exhibz-topics\" data-id=\"286b313\" data-element_type=\"widget\" data-settings=\"{&quot;ekit_we_effect_on&quot;:&quot;none&quot;}\" data-widget_type=\"exhibz-topics.default\">\n\t\t\t\t<div class=\"elementor-widget-container\">\n\t\t\t \n    <div class=\"single-topics\">\n        <h3 class=\"ts-title\">Lucrul de acas\u0103 pe platforme digitale<\/h3>\n        <p>\n            Lucrul de acas\u0103: provoc\u0103ri \u021bi solu\u021bii. Cum s\u0103 fii productiv din sufragerie (5 grupe * 40 ore durata cursului)        <\/p>\n        <a href=\"https:\/\/crenerg.org\/Digital4Energy\/cursuri\/lucrul-de-acasa-pe-platforme-digitale\/\" rel=\"noreferrer\" class=\"topics-link\">\n            <i class=\"fa fa-info-circle\"><\/i>\n        <\/a>\n    <\/div><!-- single intro text end-->\n    \n    \t\t<\/div>\n\t\t\t\t<\/div>\n\t\t\t\t\t<\/div>\n\t\t<\/div>\n\t\t\t\t\t\t\t<\/div>\n\t\t<\/section>\n\t\t\t\t<section class=\"elementor-section elementor-inner-section elementor-element elementor-element-50c49ed elementor-section-boxed elementor-section-height-default elementor-section-height-default\" data-id=\"50c49ed\" data-element_type=\"section\">\n\t\t\t\t\t\t<div class=\"elementor-container elementor-column-gap-default\">\n\t\t\t\t\t<div class=\"elementor-column elementor-col-33 elementor-inner-column elementor-element elementor-element-01854cd\" data-id=\"01854cd\" data-element_type=\"column\">\n\t\t\t<div class=\"elementor-widget-wrap elementor-element-populated\">\n\t\t\t\t\t\t\t\t<div class=\"elementor-element elementor-element-d84cc71 elementor-widget elementor-widget-exhibz-topics\" data-id=\"d84cc71\" data-element_type=\"widget\" data-settings=\"{&quot;ekit_we_effect_on&quot;:&quot;none&quot;}\" data-widget_type=\"exhibz-topics.default\">\n\t\t\t\t<div class=\"elementor-widget-container\">\n\t\t\t \n    <div class=\"single-topics\">\n        <h3 class=\"ts-title\">Social Media pentru afaceri<\/h3>\n        <p>\n            Folosirea social media \u00een mod eficient \u00een interac\u021biunea cu clien\u021bii \u0219i angaja\u021bii (5 grupe * 40 ore durata cursului)        <\/p>\n        <a href=\"https:\/\/crenerg.org\/Digital4Energy\/cursuri\/social-media-pentru-afaceri\/\" rel=\"noreferrer\" class=\"topics-link\">\n            <i class=\"fa fa-info-circle\"><\/i>\n        <\/a>\n    <\/div><!-- single intro text end-->\n    \n    \t\t<\/div>\n\t\t\t\t<\/div>\n\t\t\t\t\t<\/div>\n\t\t<\/div>\n\t\t\t\t<div class=\"elementor-column elementor-col-33 elementor-inner-column elementor-element elementor-element-abba6ae\" data-id=\"abba6ae\" data-element_type=\"column\">\n\t\t\t<div class=\"elementor-widget-wrap elementor-element-populated\">\n\t\t\t\t\t\t\t\t<div class=\"elementor-element elementor-element-076b60e feature-active elementor-widget elementor-widget-exhibz-topics\" data-id=\"076b60e\" data-element_type=\"widget\" data-settings=\"{&quot;ekit_we_effect_on&quot;:&quot;none&quot;}\" data-widget_type=\"exhibz-topics.default\">\n\t\t\t\t<div class=\"elementor-widget-container\">\n\t\t\t \n    <div class=\"single-topics\">\n        <h3 class=\"ts-title\">Comunicare \u00een mediul digital<\/h3>\n        <p>\n            Comunicare \u0219i lucrul \u00een echip\u0103 pe platforme digitale (5 grupe * 40 ore durata cursului)        <\/p>\n        <a href=\"https:\/\/crenerg.org\/Digital4Energy\/cursuri\/comunicare-in-mediul-digital\/\" rel=\"noreferrer\" class=\"topics-link\">\n            <i class=\"fa fa-info-circle\"><\/i>\n        <\/a>\n    <\/div><!-- single intro text end-->\n    \n    \t\t<\/div>\n\t\t\t\t<\/div>\n\t\t\t\t\t<\/div>\n\t\t<\/div>\n\t\t\t\t<div class=\"elementor-column elementor-col-33 elementor-inner-column elementor-element elementor-element-9f20506\" data-id=\"9f20506\" data-element_type=\"column\">\n\t\t\t<div class=\"elementor-widget-wrap elementor-element-populated\">\n\t\t\t\t\t\t\t\t<div class=\"elementor-element elementor-element-2b02ed6 elementor-widget elementor-widget-exhibz-topics\" data-id=\"2b02ed6\" data-element_type=\"widget\" data-settings=\"{&quot;ekit_we_effect_on&quot;:&quot;none&quot;}\" data-widget_type=\"exhibz-topics.default\">\n\t\t\t\t<div class=\"elementor-widget-container\">\n\t\t\t \n    <div class=\"single-topics\">\n        <h3 class=\"ts-title\">Business Intelligence<\/h3>\n        <p>\n            Strategii \u0219i tehnologii utilizate de \u00eentreprinderi pentru analiza datelor si informa\u021biilor despre afaceri prin instrumente digitale (2 grupe * 60 ore)        <\/p>\n        <a href=\"https:\/\/crenerg.org\/Digital4Energy\/cursuri\/business-intelligence\/\" rel=\"noreferrer\" class=\"topics-link\">\n            <i class=\"fa fa-info-circle\"><\/i>\n        <\/a>\n    <\/div><!-- single intro text end-->\n    \n    \t\t<\/div>\n\t\t\t\t<\/div>\n\t\t\t\t\t<\/div>\n\t\t<\/div>\n\t\t\t\t\t\t\t<\/div>\n\t\t<\/section>\n\t\t\t\t<section class=\"elementor-section elementor-inner-section elementor-element elementor-element-9e0597e elementor-section-boxed elementor-section-height-default elementor-section-height-default\" data-id=\"9e0597e\" data-element_type=\"section\">\n\t\t\t\t\t\t<div class=\"elementor-container elementor-column-gap-default\">\n\t\t\t\t\t<div class=\"elementor-column elementor-col-33 elementor-inner-column elementor-element elementor-element-d46df01\" data-id=\"d46df01\" data-element_type=\"column\">\n\t\t\t<div class=\"elementor-widget-wrap elementor-element-populated\">\n\t\t\t\t\t\t\t\t<div class=\"elementor-element elementor-element-28bf84c elementor-widget elementor-widget-exhibz-topics\" data-id=\"28bf84c\" data-element_type=\"widget\" data-settings=\"{&quot;ekit_we_effect_on&quot;:&quot;none&quot;}\" data-widget_type=\"exhibz-topics.default\">\n\t\t\t\t<div class=\"elementor-widget-container\">\n\t\t\t \n    <div class=\"single-topics\">\n        <h3 class=\"ts-title\">Managementul schimb\u0103rii<\/h3>\n        <p>\n            Cunostinte si abilitati necesare in vederea sustinerii unei tranzactii eficiente de la o situatie actuala la o situatie ulterioara si dezvolta competentele manageriale si de leadership folosind        <\/p>\n        <a href=\"https:\/\/crenerg.org\/Digital4Energy\/cursuri\/managementul-schimbarii\/\" rel=\"noreferrer\" class=\"topics-link\">\n            <i class=\"fa fa-info-circle\"><\/i>\n        <\/a>\n    <\/div><!-- single intro text end-->\n    \n    \t\t<\/div>\n\t\t\t\t<\/div>\n\t\t\t\t<div class=\"elementor-element elementor-element-27d039b elementor-widget elementor-widget-exhibz-topics\" data-id=\"27d039b\" data-element_type=\"widget\" data-settings=\"{&quot;ekit_we_effect_on&quot;:&quot;none&quot;}\" data-widget_type=\"exhibz-topics.default\">\n\t\t\t\t<div class=\"elementor-widget-container\">\n\t\t\t \n    <div class=\"single-topics\">\n        <h3 class=\"ts-title\">Cybersecurity pentru infrastructura critic\u0103<\/h3>\n        <p>\n            CURS + LABORATOR APLICATIV - Securitate cibernetic\u0103 axat\u0103 pe infrastructura critic\u0103 din energetic (4 grupe*40ore)        <\/p>\n        <a href=\"https:\/\/crenerg.org\/Digital4Energy\/cursuri\/cybersecurity-pentru-infrastructura-critica\/\" rel=\"noreferrer\" class=\"topics-link\">\n            <i class=\"fa fa-info-circle\"><\/i>\n        <\/a>\n    <\/div><!-- single intro text end-->\n    \n    \t\t<\/div>\n\t\t\t\t<\/div>\n\t\t\t\t\t<\/div>\n\t\t<\/div>\n\t\t\t\t<div class=\"elementor-column elementor-col-33 elementor-inner-column elementor-element elementor-element-de43fba\" data-id=\"de43fba\" data-element_type=\"column\">\n\t\t\t<div class=\"elementor-widget-wrap elementor-element-populated\">\n\t\t\t\t\t\t\t\t<div class=\"elementor-element elementor-element-42c7c97 elementor-widget elementor-widget-exhibz-topics\" data-id=\"42c7c97\" data-element_type=\"widget\" data-settings=\"{&quot;ekit_we_effect_on&quot;:&quot;none&quot;}\" data-widget_type=\"exhibz-topics.default\">\n\t\t\t\t<div class=\"elementor-widget-container\">\n\t\t\t \n    <div class=\"single-topics\">\n        <h3 class=\"ts-title\">Retele inteligente de distributie si orase inteligente<\/h3>\n        <p>\n            Dobandirea cunostintelor necesare pentru implementarea tehnicilor de control (managament) prin comunicatie bidirectionala intre elementele retelei \u2013 generatoare, stocare si consumatori. (2 grupe * 30 ore)        <\/p>\n        <a href=\"https:\/\/crenerg.org\/Digital4Energy\/cursuri\/retele-inteligente-de-distributie-si-orase-inteligente\/\" rel=\"noreferrer\" class=\"topics-link\">\n            <i class=\"fa fa-info-circle\"><\/i>\n        <\/a>\n    <\/div><!-- single intro text end-->\n    \n    \t\t<\/div>\n\t\t\t\t<\/div>\n\t\t\t\t\t<\/div>\n\t\t<\/div>\n\t\t\t\t<div class=\"elementor-column elementor-col-33 elementor-inner-column elementor-element elementor-element-fe9a52c\" data-id=\"fe9a52c\" data-element_type=\"column\">\n\t\t\t<div class=\"elementor-widget-wrap elementor-element-populated\">\n\t\t\t\t\t\t\t\t<div class=\"elementor-element elementor-element-d494bed elementor-widget elementor-widget-exhibz-topics\" data-id=\"d494bed\" data-element_type=\"widget\" data-settings=\"{&quot;ekit_we_effect_on&quot;:&quot;none&quot;}\" data-widget_type=\"exhibz-topics.default\">\n\t\t\t\t<div class=\"elementor-widget-container\">\n\t\t\t \n    <div class=\"single-topics\">\n        <h3 class=\"ts-title\">Masurari inteligente in energetica<\/h3>\n        <p>\n            Dobandirea cunostintelor, implementarea si utilizarea unor tehnologii precum masurari sincronizare, PMU, contoare inteligente, generarea intermitenta a energiei electrice, flexibilitatea consumului etc. (2 grupe * 30 ore)        <\/p>\n        <a href=\"https:\/\/crenerg.org\/Digital4Energy\/cursuri\/masurari-inteligente-in-energetica\/\" rel=\"noreferrer\" class=\"topics-link\">\n            <i class=\"fa fa-info-circle\"><\/i>\n        <\/a>\n    <\/div><!-- single intro text end-->\n    \n    \t\t<\/div>\n\t\t\t\t<\/div>\n\t\t\t\t\t<\/div>\n\t\t<\/div>\n\t\t\t\t\t\t\t<\/div>\n\t\t<\/section>\n\t\t\t\t\t<\/div>\n\t\t<\/div>\n\t\t\t\t\t\t\t<\/div>\n\t\t<\/section>\n\t\t\t\t\t\t\t<\/div>\n\t\t","protected":false},"excerpt":{"rendered":"<p>Despre Parteneri &nbsp; ASOCIATIA ,,CENTRUL ROMAN AL ENERGIEI &#8211; CRE&quot; Phone: 0726 307 979 Email: office@crenerg.org Site: CRE CRE\u2013 Asocia\u021bia Centrul Roman al Energiei &#8211; functioneaza ca organizatie neguvernamentala, non profit si apolitica, care identifica, sustine si reprezinta in mod independent si echidistant interesele membrilor sai. CRE este o organizatie profesionala neguvernamentala, fara scop lucrativ [&hellip;]<\/p>\n","protected":false},"author":1,"featured_media":0,"parent":0,"menu_order":0,"comment_status":"closed","ping_status":"closed","template":"template\/full-width-template.php","meta":{"footnotes":""},"aioseo_notices":[],"_links":{"self":[{"href":"https:\/\/crenerg.org\/Digital4Energy\/wp-json\/wp\/v2\/pages\/2647"}],"collection":[{"href":"https:\/\/crenerg.org\/Digital4Energy\/wp-json\/wp\/v2\/pages"}],"about":[{"href":"https:\/\/crenerg.org\/Digital4Energy\/wp-json\/wp\/v2\/types\/page"}],"author":[{"embeddable":true,"href":"https:\/\/crenerg.org\/Digital4Energy\/wp-json\/wp\/v2\/users\/1"}],"replies":[{"embeddable":true,"href":"https:\/\/crenerg.org\/Digital4Energy\/wp-json\/wp\/v2\/comments?post=2647"}],"version-history":[{"count":48,"href":"https:\/\/crenerg.org\/Digital4Energy\/wp-json\/wp\/v2\/pages\/2647\/revisions"}],"predecessor-version":[{"id":4235,"href":"https:\/\/crenerg.org\/Digital4Energy\/wp-json\/wp\/v2\/pages\/2647\/revisions\/4235"}],"wp:attachment":[{"href":"https:\/\/crenerg.org\/Digital4Energy\/wp-json\/wp\/v2\/media?parent=2647"}],"curies":[{"name":"wp","href":"https:\/\/api.w.org\/{rel}","templated":true}]}}